{"id":2440,"date":"2018-12-05T20:56:19","date_gmt":"2018-12-05T20:56:19","guid":{"rendered":"http:\/\/sp4-wroclaw.pl\/?page_id=2440"},"modified":"2018-12-05T20:57:35","modified_gmt":"2018-12-05T20:57:35","slug":"klasa-pilkarska-4b","status":"publish","type":"page","link":"https:\/\/sp4-wroclaw.pl\/?page_id=2440","title":{"rendered":"Klasa pi\u0142karska 4b"},"content":{"rendered":"<p>Po 3 miesi\u0105cach funkcjonowania klasy 4 o profilu pi\u0142karskim czas na kr\u00f3tkie podsumowanie.<br \/>\nWe wrze\u015bniu rozpocz\u0119li\u015bmy treningi w sk\u0142adzie 16 ch\u0142opc\u00f3w. Po kilku tygodniach do\u0142\u0105czy\u0142a do klasy Hania, kt\u00f3rej najwi\u0119ksz\u0105 pasj\u0105 jest pi\u0142ka no\u017cna.<br \/>\nJu\u017c na pocz\u0105tku roku szkolnego wraz z trenerami WKS &#8222;\u015al\u0105sk&#8221; zorganizowany zosta\u0142 przegl\u0105d zawodnik\u00f3w z rocznika 2008 i 2009, w kt\u00f3rym uczestniczyli uczniowie SP 4. Od tamtej pory 7 uczni\u00f3w na sta\u0142e do\u0142\u0105czy\u0142o do kadry dru\u017cyny orlik\u00f3w trener Wiktora Rusaka.<br \/>\nNasi uczniowie otrzymali r\u00f3wnie\u017c kompletne wyposa\u017cenie treningowe, dzi\u0119ki kt\u00f3remu prezentuj\u0105 si\u0119 bardzo profesjonalnie. Stroje zakupione zosta\u0142y przez szko\u0142\u0119, ale widnieje na nich r\u00f3wnie\u017c znak klubu WKS jako oficjalnego wsp\u00f3\u0142organizatora klas sportowych w SP 4.<br \/>\nW pa\u017adzierniku szko\u0142a wraz z klubem zorganizowa\u0142a wyj\u015bcie na mecz ligowy \u015al\u0105ska Wroc\u0142aw z Legi\u0105 Warszawa, na kt\u00f3rym byli obecni r\u00f3wnie\u017c rodzice naszych uczni\u00f3w. Pora\u017cka w tym meczu gospodarzy nie zmieni\u0142a faktu, \u017ce by\u0142o to \u015bwietne wyj\u015bcie integracyjne.<br \/>\nNajwi\u0119kszym wydarzeniem dla uczni\u00f3w by\u0142 wyst\u0119p w turnieju Tymbarka &#8222;Z podw\u00f3rka na stadion&#8221;. Ze wzgl\u0119du na regulamin w rozgrywkach uczestniczyli zawodnicy z 2009 roku, reprezentacje szk\u00f3\u0142 podstawowych, jak i klub\u00f3w sportowych.<br \/>\nNasza dru\u017cyna po wygraniu swojej grupy musia\u0142a uzna\u0107 wy\u017cszo\u015b\u0107 swoich koleg\u00f3w z dru\u017cyny WKS-u w \u0107wier\u0107finale rozgrywek. By\u0142o bardzo zimno, ale nasi zawodnicy walczyli bardzo dzielnie. Najlepszym zawodnikiem dru\u017cyny by\u0142 Filip Sud, kt\u00f3ry zdoby\u0142 wi\u0119kszo\u015b\u0107 bramek. Sk\u0142ad naszej dru\u017cyny:<br \/>\n1. Janek Ma\u0144kowski<br \/>\n2. Filip Sud<br \/>\n3. Bartek Zimon<br \/>\n4. Fabian Oraczewski<br \/>\n5. Alex Szczyglewski<br \/>\n6. Micha\u0142 Oleksa<br \/>\n7. Micha\u0142 Lechowski<br \/>\n8. Antek Fra\u0144czak<\/p>\n\n\t\t<style type=\"text\/css\">\n\t\t\t#gallery-1 {\n\t\t\t\tmargin: auto;\n\t\t\t}\n\t\t\t#gallery-1 .gallery-item {\n\t\t\t\tfloat: left;\n\t\t\t\tmargin-top: 10px;\n\t\t\t\ttext-align: center;\n\t\t\t\twidth: 33%;\n\t\t\t}\n\t\t\t#gallery-1 img {\n\t\t\t\tborder: 2px solid #cfcfcf;\n\t\t\t}\n\t\t\t#gallery-1 .gallery-caption {\n\t\t\t\tmargin-left: 0;\n\t\t\t}\n\t\t\t\/* see gallery_shortcode() in wp-includes\/media.php *\/\n\t\t<\/style>\n\t\t<div id='gallery-1' class='gallery galleryid-2440 gallery-columns-3 gallery-size-thumbnail'><dl class='gallery-item'>\n\t\t\t<dt class='gallery-icon portrait'>\n\t\t\t\t<a href='https:\/\/sp4-wroclaw.pl\/?attachment_id=2442'><img loading=\"lazy\" decoding=\"async\" width=\"150\" height=\"150\" src=\"https:\/\/sp4-wroclaw.pl\/wp-content\/uploads\/2018\/12\/image1-e1544043245879-150x150.jpeg\" class=\"attachment-thumbnail size-thumbnail\" alt=\"\" \/><\/a>\n\t\t\t<\/dt><\/dl><dl class='gallery-item'>\n\t\t\t<dt class='gallery-icon landscape'>\n\t\t\t\t<a href='https:\/\/sp4-wroclaw.pl\/?attachment_id=2443'><img loading=\"lazy\" decoding=\"async\" width=\"150\" height=\"150\" src=\"https:\/\/sp4-wroclaw.pl\/wp-content\/uploads\/2018\/12\/image2-150x150.jpeg\" class=\"attachment-thumbnail size-thumbnail\" alt=\"\" \/><\/a>\n\t\t\t<\/dt><\/dl><dl class='gallery-item'>\n\t\t\t<dt class='gallery-icon landscape'>\n\t\t\t\t<a href='https:\/\/sp4-wroclaw.pl\/?attachment_id=2444'><img loading=\"lazy\" decoding=\"async\" width=\"150\" height=\"150\" src=\"https:\/\/sp4-wroclaw.pl\/wp-content\/uploads\/2018\/12\/image3-150x150.jpeg\" class=\"attachment-thumbnail size-thumbnail\" alt=\"\" \/><\/a>\n\t\t\t<\/dt><\/dl><br style=\"clear: both\" \/><dl class='gallery-item'>\n\t\t\t<dt class='gallery-icon landscape'>\n\t\t\t\t<a href='https:\/\/sp4-wroclaw.pl\/?attachment_id=2445'><img loading=\"lazy\" decoding=\"async\" width=\"150\" height=\"150\" src=\"https:\/\/sp4-wroclaw.pl\/wp-content\/uploads\/2018\/12\/part-150x150.jpeg\" class=\"attachment-thumbnail size-thumbnail\" alt=\"\" \/><\/a>\n\t\t\t<\/dt><\/dl>\n\t\t\t<br style='clear: both' \/>\n\t\t<\/div>\n\n","protected":false},"excerpt":{"rendered":"<p>Po 3 miesi\u0105cach funkcjonowania klasy 4 o profilu pi\u0142karskim czas na kr\u00f3tkie podsumowanie. We wrze\u015bniu rozpocz\u0119li\u015bmy treningi w sk\u0142adzie 16 ch\u0142opc\u00f3w. Po kilku tygodniach do\u0142\u0105czy\u0142a do klasy Hania, kt\u00f3rej najwi\u0119ksz\u0105 pasj\u0105 jest pi\u0142ka no\u017cna. Ju\u017c na pocz\u0105tku roku szkolnego wraz z trenerami WKS &#8222;\u015al\u0105sk&#8221; zorganizowany zosta\u0142 przegl\u0105d zawodnik\u00f3w z rocznika\u2026<\/p>\n<p> <a class=\"continue-reading-link\" href=\"https:\/\/sp4-wroclaw.pl\/?page_id=2440\"><span>Czytaj dalej<\/span><i class=\"crycon-right-dir\"><\/i><\/a> <\/p>\n","protected":false},"author":1,"featured_media":0,"parent":0,"menu_order":0,"comment_status":"closed","ping_status":"closed","template":"","meta":{"footnotes":""},"class_list":["post-2440","page","type-page","status-publish","hentry"],"aioseo_notices":[],"_links":{"self":[{"href":"https:\/\/sp4-wroclaw.pl\/index.php?rest_route=\/wp\/v2\/pages\/2440","targetHints":{"allow":["GET"]}}],"collection":[{"href":"https:\/\/sp4-wroclaw.pl\/index.php?rest_route=\/wp\/v2\/pages"}],"about":[{"href":"https:\/\/sp4-wroclaw.pl\/index.php?rest_route=\/wp\/v2\/types\/page"}],"author":[{"embeddable":true,"href":"https:\/\/sp4-wroclaw.pl\/index.php?rest_route=\/wp\/v2\/users\/1"}],"replies":[{"embeddable":true,"href":"https:\/\/sp4-wroclaw.pl\/index.php?rest_route=%2Fwp%2Fv2%2Fcomments&post=2440"}],"version-history":[{"count":1,"href":"https:\/\/sp4-wroclaw.pl\/index.php?rest_route=\/wp\/v2\/pages\/2440\/revisions"}],"predecessor-version":[{"id":2447,"href":"https:\/\/sp4-wroclaw.pl\/index.php?rest_route=\/wp\/v2\/pages\/2440\/revisions\/2447"}],"wp:attachment":[{"href":"https:\/\/sp4-wroclaw.pl\/index.php?rest_route=%2Fwp%2Fv2%2Fmedia&parent=2440"}],"curies":[{"name":"wp","href":"https:\/\/api.w.org\/{rel}","templated":true}]}}