{"id":6134,"date":"2020-12-08T20:18:17","date_gmt":"2020-12-08T20:18:17","guid":{"rendered":"http:\/\/sp4-wroclaw.pl\/?page_id=6134"},"modified":"2021-01-27T19:07:23","modified_gmt":"2021-01-27T19:07:23","slug":"nasza-aktywnosc-w-akcji-swietlicowa-wymiana-pocztowkowa","status":"publish","type":"page","link":"https:\/\/sp4-wroclaw.pl\/?page_id=6134","title":{"rendered":"Nasza aktywno\u015b\u0107 w akcji \u201e\u015awietlicowa wymiana poczt\u00f3wkowa\u201d"},"content":{"rendered":"\n<p>Cieszymy si\u0119 bardzo, \u017ce mo\u017cemy uczestniczy\u0107 w og\u00f3lnopolskiej akcji \u201e\u015awietlicowa wymiana poczt\u00f3wkowa\u201d. Do tej pory otrzymali\u015bmy mn\u00f3stwo poczt\u00f3wek z pozdrowieniami<\/p>\n\n\n\n<p>i \u017cyczeniami zdrowia z r\u00f3\u017cnych miejscowo\u015bci od z r\u00f3\u017cnych \u015bwietlic szkolnych. Przys\u0142ano do nas tak\u017ce kilka kr\u00f3tkich list\u00f3w z informacj\u0105, co mo\u017cna zwiedzi\u0107 w mie\u015bcie, w kt\u00f3rym znajduje si\u0119 dana szko\u0142a. My r\u00f3wnie\u017c mamy na swoim koncie ju\u017c 30 wys\u0142anych poczt\u00f3wek<\/p>\n\n\n\n<p>z zabytkami Wroc\u0142awia, od naszej \u015bwietlicy szkolnej do innych szk\u00f3\u0142 i nasza aktywno\u015b\u0107 pozostanie nies\u0142abn\u0105ca, poniewa\u017c wsp\u00f3\u0142praca z innymi plac\u00f3wkami daje nam wiele rado\u015bci. Wymieniamy si\u0119 cennymi informacjami, a przede wszystkim dowiadujemy si\u0119 o swoim istnieniu.<\/p>\n\n\n\n<p>Anna Szmidt<\/p>\n\n\n\n<figure class=\"wp-block-image size-large\"><img loading=\"lazy\" decoding=\"async\" width=\"1024\" height=\"768\" src=\"http:\/\/sp4-wroclaw.pl\/wp-content\/uploads\/2020\/12\/129054953_1004014026758929_6959336848333134338_n-1024x768.jpg\" alt=\"\" class=\"wp-image-6130\" srcset=\"https:\/\/sp4-wroclaw.pl\/wp-content\/uploads\/2020\/12\/129054953_1004014026758929_6959336848333134338_n-1024x768.jpg 1024w, https:\/\/sp4-wroclaw.pl\/wp-content\/uploads\/2020\/12\/129054953_1004014026758929_6959336848333134338_n-300x225.jpg 300w, https:\/\/sp4-wroclaw.pl\/wp-content\/uploads\/2020\/12\/129054953_1004014026758929_6959336848333134338_n-768x576.jpg 768w, https:\/\/sp4-wroclaw.pl\/wp-content\/uploads\/2020\/12\/129054953_1004014026758929_6959336848333134338_n-1536x1152.jpg 1536w, https:\/\/sp4-wroclaw.pl\/wp-content\/uploads\/2020\/12\/129054953_1004014026758929_6959336848333134338_n-150x113.jpg 150w, https:\/\/sp4-wroclaw.pl\/wp-content\/uploads\/2020\/12\/129054953_1004014026758929_6959336848333134338_n.jpg 1548w\" sizes=\"auto, (max-width: 1024px) 100vw, 1024px\" \/><\/figure>\n\n\n\n<figure class=\"wp-block-image size-large\"><img loading=\"lazy\" decoding=\"async\" width=\"1024\" height=\"768\" src=\"http:\/\/sp4-wroclaw.pl\/wp-content\/uploads\/2020\/12\/129164577_729369451326554_6904596032153534910_n-1024x768.jpg\" alt=\"\" class=\"wp-image-6131\" srcset=\"https:\/\/sp4-wroclaw.pl\/wp-content\/uploads\/2020\/12\/129164577_729369451326554_6904596032153534910_n-1024x768.jpg 1024w, https:\/\/sp4-wroclaw.pl\/wp-content\/uploads\/2020\/12\/129164577_729369451326554_6904596032153534910_n-300x225.jpg 300w, https:\/\/sp4-wroclaw.pl\/wp-content\/uploads\/2020\/12\/129164577_729369451326554_6904596032153534910_n-768x576.jpg 768w, https:\/\/sp4-wroclaw.pl\/wp-content\/uploads\/2020\/12\/129164577_729369451326554_6904596032153534910_n-1536x1152.jpg 1536w, https:\/\/sp4-wroclaw.pl\/wp-content\/uploads\/2020\/12\/129164577_729369451326554_6904596032153534910_n-150x113.jpg 150w, https:\/\/sp4-wroclaw.pl\/wp-content\/uploads\/2020\/12\/129164577_729369451326554_6904596032153534910_n.jpg 1548w\" sizes=\"auto, (max-width: 1024px) 100vw, 1024px\" \/><\/figure>\n\n\n\n<p><\/p>\n","protected":false},"excerpt":{"rendered":"<p>Cieszymy si\u0119 bardzo, \u017ce mo\u017cemy uczestniczy\u0107 w og\u00f3lnopolskiej akcji \u201e\u015awietlicowa wymiana poczt\u00f3wkowa\u201d. Do tej pory otrzymali\u015bmy mn\u00f3stwo poczt\u00f3wek z pozdrowieniami i \u017cyczeniami zdrowia z r\u00f3\u017cnych miejscowo\u015bci od z r\u00f3\u017cnych \u015bwietlic szkolnych. Przys\u0142ano do nas tak\u017ce kilka kr\u00f3tkich list\u00f3w z informacj\u0105, co mo\u017cna zwiedzi\u0107 w mie\u015bcie, w kt\u00f3rym znajduje si\u0119 dana\u2026<\/p>\n<p> <a class=\"continue-reading-link\" href=\"https:\/\/sp4-wroclaw.pl\/?page_id=6134\"><span>Czytaj dalej<\/span><i class=\"crycon-right-dir\"><\/i><\/a> <\/p>\n","protected":false},"author":1,"featured_media":0,"parent":0,"menu_order":0,"comment_status":"closed","ping_status":"closed","template":"","meta":{"footnotes":""},"class_list":["post-6134","page","type-page","status-publish","hentry"],"aioseo_notices":[],"_links":{"self":[{"href":"https:\/\/sp4-wroclaw.pl\/index.php?rest_route=\/wp\/v2\/pages\/6134","targetHints":{"allow":["GET"]}}],"collection":[{"href":"https:\/\/sp4-wroclaw.pl\/index.php?rest_route=\/wp\/v2\/pages"}],"about":[{"href":"https:\/\/sp4-wroclaw.pl\/index.php?rest_route=\/wp\/v2\/types\/page"}],"author":[{"embeddable":true,"href":"https:\/\/sp4-wroclaw.pl\/index.php?rest_route=\/wp\/v2\/users\/1"}],"replies":[{"embeddable":true,"href":"https:\/\/sp4-wroclaw.pl\/index.php?rest_route=%2Fwp%2Fv2%2Fcomments&post=6134"}],"version-history":[{"count":2,"href":"https:\/\/sp4-wroclaw.pl\/index.php?rest_route=\/wp\/v2\/pages\/6134\/revisions"}],"predecessor-version":[{"id":6394,"href":"https:\/\/sp4-wroclaw.pl\/index.php?rest_route=\/wp\/v2\/pages\/6134\/revisions\/6394"}],"wp:attachment":[{"href":"https:\/\/sp4-wroclaw.pl\/index.php?rest_route=%2Fwp%2Fv2%2Fmedia&parent=6134"}],"curies":[{"name":"wp","href":"https:\/\/api.w.org\/{rel}","templated":true}]}}