{"id":747,"date":"2018-02-16T12:47:44","date_gmt":"2018-02-16T12:47:44","guid":{"rendered":"http:\/\/sp4-wroclaw.pl\/?page_id=747"},"modified":"2018-02-16T12:47:44","modified_gmt":"2018-02-16T12:47:44","slug":"akcja-gora-grosza-zakonczona-podsumowanie","status":"publish","type":"page","link":"https:\/\/sp4-wroclaw.pl\/?page_id=747","title":{"rendered":"Akcja \u201eG\u00f3ra Grosza\u201d zako\u0144czona &#8211; podsumowanie"},"content":{"rendered":"<p>Akcja \u201eG\u00f3ra Grosza\u201d zako\u0144czona. W tym roku zebrali\u015bmy \u0142\u0105cznie kwot\u0119: 220,21 z\u0142.<br \/>\nCelem akcji G\u00f3ra Grosza jak co roku jest zebranie funduszy na pomoc dzieciom wychowuj\u0105cym si\u0119 poza w\u0142asn\u0105 rodzin\u0105, w tym na tworzenie i dofinansowanie dom\u00f3w dla dzieci, rodzinnych dom\u00f3w dziecka, pogotowi rodzinnych, kwalifikowanych rodzin zast\u0119pczych oraz dla najbardziej potrzebuj\u0105cych dom\u00f3w dziecka, kt\u00f3re realizuj\u0105 prorodzinne programy wychowawcze. Patronat nad akcj\u0105 obj\u0119\u0142o\u00a0Ministerstwo Edukacji Narodowej a do tej pory dzi\u0119ki Wam, ca\u0142ej kadrze pedagogicznej w Polsce, uczniom, przedszkolakom i rodzinom uda\u0142o nam si\u0119 zebra\u0107 na ten szczytny cel:\u00a035. 064 001,64 z\u0142!<br \/>\nBardzo dzi\u0119kujemy!!!!<br \/>\nPoni\u017cej zamieszczamy rezultaty zbi\u00f3rki w wyniku, kt\u00f3rej wy\u0142onione zosta\u0142y I, II, III miejsce.<br \/>\nI miejsce zdoby\u0142a klasa 3a (usypa\u0142a g\u00f3r\u0119 grosza w kwocie 94,35z\u0142)<br \/>\nII miejsce- klasa 2s ( 37,64z\u0142)<br \/>\nIII miejsce- klasa 2a ( 17,48z\u0142)<br \/>\nDzi\u0119kujemy Wszystkim darczy\u0144com oraz uczniom, kt\u00f3rzy w jakikolwiek spos\u00f3b zaanga\u017cowani byli w t\u0119 akcj\u0119. W szczeg\u00f3lno\u015bci podzi\u0119kowania nale\u017c\u0105 si\u0119 tym, kt\u00f3rzy podliczali zebrane pieni\u0105dze.<\/p>\n<p><a href=\"http:\/\/sp4-wroclaw.pl\/wp-content\/uploads\/2018\/02\/gora-grosza.jpg\"><img loading=\"lazy\" decoding=\"async\" class=\"aligncenter size-full wp-image-748\" src=\"http:\/\/sp4-wroclaw.pl\/wp-content\/uploads\/2018\/02\/gora-grosza.jpg\" alt=\"\" width=\"259\" height=\"194\" \/><\/a><\/p>\n","protected":false},"excerpt":{"rendered":"<p>Akcja \u201eG\u00f3ra Grosza\u201d zako\u0144czona. W tym roku zebrali\u015bmy \u0142\u0105cznie kwot\u0119: 220,21 z\u0142. Celem akcji G\u00f3ra Grosza jak co roku jest zebranie funduszy na pomoc dzieciom wychowuj\u0105cym si\u0119 poza w\u0142asn\u0105 rodzin\u0105, w tym na tworzenie i dofinansowanie dom\u00f3w dla dzieci, rodzinnych dom\u00f3w dziecka, pogotowi rodzinnych, kwalifikowanych rodzin zast\u0119pczych oraz dla najbardziej\u2026<\/p>\n<p> <a class=\"continue-reading-link\" href=\"https:\/\/sp4-wroclaw.pl\/?page_id=747\"><span>Czytaj dalej<\/span><i class=\"crycon-right-dir\"><\/i><\/a> <\/p>\n","protected":false},"author":1,"featured_media":0,"parent":0,"menu_order":0,"comment_status":"closed","ping_status":"closed","template":"","meta":{"footnotes":""},"class_list":["post-747","page","type-page","status-publish","hentry"],"aioseo_notices":[],"_links":{"self":[{"href":"https:\/\/sp4-wroclaw.pl\/index.php?rest_route=\/wp\/v2\/pages\/747","targetHints":{"allow":["GET"]}}],"collection":[{"href":"https:\/\/sp4-wroclaw.pl\/index.php?rest_route=\/wp\/v2\/pages"}],"about":[{"href":"https:\/\/sp4-wroclaw.pl\/index.php?rest_route=\/wp\/v2\/types\/page"}],"author":[{"embeddable":true,"href":"https:\/\/sp4-wroclaw.pl\/index.php?rest_route=\/wp\/v2\/users\/1"}],"replies":[{"embeddable":true,"href":"https:\/\/sp4-wroclaw.pl\/index.php?rest_route=%2Fwp%2Fv2%2Fcomments&post=747"}],"version-history":[{"count":1,"href":"https:\/\/sp4-wroclaw.pl\/index.php?rest_route=\/wp\/v2\/pages\/747\/revisions"}],"predecessor-version":[{"id":749,"href":"https:\/\/sp4-wroclaw.pl\/index.php?rest_route=\/wp\/v2\/pages\/747\/revisions\/749"}],"wp:attachment":[{"href":"https:\/\/sp4-wroclaw.pl\/index.php?rest_route=%2Fwp%2Fv2%2Fmedia&parent=747"}],"curies":[{"name":"wp","href":"https:\/\/api.w.org\/{rel}","templated":true}]}}